+ (-4 + 3 - -1)?
-2
Evaluate 19 - (1 + -18 + 10 - -11 - 8).
23
-5 + 4 - (-2 + (8 - -8))
-15
Evaluate -19 - (-5 + 17 + -57).
26
What is -31 + (35 - 11) - ((-3 - -2) + 1)?
-7
What is the value of (1 - 1 - (2 + 1)) + -9 + 19?
7
-2 + (4 + -2 - 8) - (1 - -3)
-12
What is 10 + 0 + -46 + (15 - (-9 - -7))?
-19
-6 - (6 - (-3 - -5))
-10
What is the value of (-11 - -19 - (-1 - -2)) + 15?
22
What is -23 + 37 + -10 - (-5 - -1)?
8
25 + 0 - 12 - 27
-14
Calculate -12 - (-1 + 2 + (-5 - -10) + -5).
-13
What is the value of 20 + (15 - (15 - -11))?
9
(10 - (-19 - (9 + -19))) + 0
19
Evaluate (3 - (-2 - -4)) + (1 - -3 - -5).
10
What is (0 - -1) + -2 + 6 + (69 - 80)?
-6
Evaluate 0 - -2 - (3 - -7 - 20).
12
-20 + -25 + 40 + 12
7
Calculate 13 - (22 - (18 - 5)).
4
Calculate -27 + (12 - -3) - -10.
-2
Evaluate (-24 - -25) + 16 + 1 - (-16 + 21).
13
What is 0 - (1 - -8) - (24 - (32 + -12))?
-13
What is the value of -15 - (4 - (11 - (1 + 7)))?
-16
What is -9 - (-18 - (21 + -37))?
-7
What is 6 + 12 - (8 + 5) - 18?
-13
What is the value of 46 - 17 - (13 - 0) - 3?
13
Calculate 20 + -19 + 10 + (6 - 2).
15
What is -7 + (17 - (2 + 1))?
7
What is 13 + -7 - 6 - 5 - -3 - 0?
-2
What is -5 + (8 - (-7 + 7)) - 11?
-8
Calculate (20 - 29) + 25 - 5.
11
(1 - 5) + -7 + (-25 - -10 - -19)
-7
What is the value of -24 + 76 + -40 - -9?
21
14 + -10 + 0 + 3 + -23
-16
Evaluate -2 - ((1 - 16) + 35 + 6).
-28
1 - (0 - (27 - 17 - (15 + -1)))
-3
What is the value of -1 + (1 - -7) + -4 + (-2 - -1)?
2
What is the value of 3 + (-15 - -1 - (26 - 15))?
-22
What is 1 - (14 - (21 + -15))?
-7
What is the value of (13 + -1 - (-6 - -11)) + -5 + 1?
3
Evaluate (-3 - -1) + -3 + (11 + -22 - -11).
-5
Evaluate 39 + -46 - (0 - 2) - 7.
-12
What is the value of (-9 - 6 - -8 - 2) + 28?
19
Calculate (-15 - -7 - (-7 + 2)) + 24.
21
(-28 + 44 - 12) + -31
-27
Evaluate 55 + -28 - (1 - (-9 + 3)).
20
Evaluate 0 - (-10 - ((-4 - 11) + -4)).
-9
13 + -14 - (4 + 7 - 4) - -4
-4
What is 14 + 2 - 10 - (-1 - (-2 - -4))?
9
What is the value of 1 + (-3 - -8) - (-115 - -153)?
-32
What is 9 + (-1 + -2 - (-7 + 11))?
2
-8 + (14 + -14 + (3 - -7) - -8)
10
Calculate (-1 - 4) + (-4 - -5 - (-1 - -2)).
-5
Calculate -1 + -3 + 22 + -22.
-4
Evaluate (3 - (-12 - (-14 + 9))) + 10 - 4.
16
What is -1 - 2 - (0 - -3 - 6 - 8)?
8
Evaluate -6 - 7 - ((-1 - 7) + (58 - 54)).
-9
Calculate 0 + (2 - -10) + (-25 - -25) + -2.
10
What is 60 + -51 + 4 + (-41 - -2) + 1?
-25
What is the value of -8 + (2 - 7 - -29)?
16
Evaluate (29 - (-5 + 34)) + -35 + 1 + -4.
-38
What is the value of 526 + -524 - (-1 - 0 - -1)?
2
What is the value of 28 - -3 - (-34 - -48)?
17
What is the value of (110 + -102 - (0 + 4)) + 2 + -28?
-22
What is the value of 19 + (-3 - (5 + 7) - -8)?
12
Calculate -40 + -8 + (-20 - -53).
-15
Calculate 17 + 5 + -13 - (1 + 16).
-8
Evaluate (-2 - -3) + -2 + 16 - (5 - 4).
14
Calculate -304 + 340 + -11 + -2.
23
What is the value of 3 - (4 - (0 + 1)) - (39 - 22)?
-17
What is the value of -57 + -26 + 29 + 25?
-29
What is the value of 3 + (2 - 3 - -4) - 6?
0
-23 + 40 - 20 - (-43 + 6 + -3)
37
Evaluate (6 + 0 - (57 + -22 - 27)) + 18.
16
What is the value of -22 + 34 + -1 + 0 + -1 + -1?
9
What is the value of -1 + 8 + 2 + -12?
-3
What is (92 - 95) + (2 - 3) + (4 - 0)?
0
Calculate 20 + -15 + 0 + -3 + -3 + 0.
-1
What is the value of (524 - 545) + (-4 - -1)?
-24
What is 2 + (-2 - 0) - (-209 + 188)?
21
Evaluate -32 + 7 - (5 - 34).
4
Calculate 18 + -12 + (-3 + 10 - -3).
16
Evaluate 3 - (-14 + 1 + (-3 - -11)).
8
Calculate (70 + -70 - (9 - 1)) + 19 + 2.
13
Calculate (-31 - -26) + -4 + (16 - (4 + -3)).
6
What is the value of 4 + 11 + (-9 - 0)?
6
Evaluate 0 + -6 + (-3 - -14) + (-59 - -42).
-12
Evaluate -15 + -10 + (-12 - -44).
7
What is the value of 4 + -3 + 1 + 1 + (22 - 14)?
11
What is the value of -85 + 108 - (8 + (-2 - 1) + 2)?
16
Calculate -19 + 16 + 10 + 3 + 1.
11
Calculate 18 - (1 + -7 - -6) - 6.
12
What is -20 + 26 - (-12 + -2 + 6)?
14
12 + 2 - 10 - (-3 + -1 - -14)
-6
What is the value of (-4 - -17) + -14 + -1 - (1 + -13)?
10
Calculate 2 - (-10 + -16 + 13 + 15).
0
What is the value of -12 - (-19 + -6) - 7?
6
Evaluate -1 + -1 - (6 - (-1 - (-1 - -3))).
-11
Calculate -1 + -4 + 1 - (74 + -32 - 48).
2
Evaluate 2 - (5 - (2 - -2) - (8 - 5)).
4
What is -8 - ((44 - 46) + (-1 - -4))?
-9
Evaluate (-416 - -381) + 0 + 1 + (1 - 1).
-34
Calculate (15 - 5 - -1) + -2 + (11 - 5).
15
What is the value of 110 - 128 - (-35 - 3)?
20
Calculate (-3 - -3) + -1 - -1.
0
-14 + -5 + 0 + 23
4
Calculate (10 - 18 - -3) + 1 - (-6 + -2).
4
What is 1 + 3 - (-220 - -223)?
1
Evaluate -3 + 19 + -27 + -12.
-23
3 + (6 - -7) + -23 + 12
5
What is -27 + 3 + 192 + -163?
5
What is the value of -5 - (-252 - -240 - (1 - -1))?
9
Calculate (44 - 17) + 27 + -31.
23
Evaluate -6 - (-6 + (8 + -8 - 5)).
5
Evaluate (-20 - -42) + -13 - 16.
-7
31 - ((7 - -7) + 7)
10
Calculate -18 - -8 - -15 - (0 - -3) - -11.
13
Evaluate 29 + -4 - (4 - 4) - (4 - -3).
18
What is the value of 22 - 8 - (-33 + 27)?
20
What is the value of (2 - 13) + (-4 - (-4 + -4)) + 1?
-6
Evaluate 2 + 10 - (-20 + 29 + -5).
8
Evaluate 27 + 6 + -21 + 7 + 0 + 1.
20
Calculate 7 + -3 - (1 + 14 + 17).
-28
What is 36 - (75 - (0 - -33))?
-6
What is the value of (93 + -83 - (3 - 2)) + 1 + 0?
10
What is -2 - ((1 - 20) + 2) - (-521 + 522)?
14
What is -18 + -8 + 21 + 0?
-5
What is 18 + -18 - (5 - -1)?
-6
Calculate -4 - ((15 - 20) + 1 - -9).
-9
Evaluate -10 + (-2 + -4 - (-2 - (-2 - 0))).
-16
Calculate 7 + 4 + (-8 - -14 - 14).
3
What is 33 - (-1 + 34) - (13 - 0 - -3)?
-16
What is the value of -2 + (0 + 17 - (26 + -24) - -4)?
17
What is -2 + (-10 - -11 - 15 - (2 - -5))?
-23
Calculate 10 + (-3 + -1 - (65 + -70)) + -7.
4
-4 - (36 + -18 + 5 + -13)
-14
26 + -12 - 14 - (3 + -1)
-2
What is the value of 0 - -1 - (101 + -117)?
17
(1 + (4 - 5) - 1) + (15 - 18)
-4
What is -3 + (4 - 4) + 1 + 0 - -1?
-1
Calculate (-11 - -21) + (-6 - 2) + 22.
24
What is (2 - -2) + -5 - (-12 + 4)?
7
Evaluate -1 - (-26 - -16) - (-4 + -1 - 6).
20
What is 0 + -39 - (-280 + 263)?
-22
Evaluate 6 + -4 - (2 + 1 + -1 + 0).
0
Evaluate (-1 + 0 - 2) + 33 + (-52 - -7).
-15
-4 + 3 + -4 + (-16 - -22)
1
What is the value of (5 - -1 - 4) + 2 + -11?
-7
What is (-63 - -71) + (-18 - -1) - (1 + 1)?
-11
What is the value of (-63 + 16 - -18) + 23?
-6
Calculate -1 + -14 - (10 - -28 - 59).
6
Evaluate (-8 - (-2 - (-2 - -1))) + 8.
1
Calculate -5 + (2 - -5) + 4 + -22.
-16
What is -11 + 20 + -12 - 0 - (-8 + 0)?
5
Calculate -15 + 9 + 19 - (-5 + (2 - 0)).
16
What is (3 - 3) + -51 + 38 - -7?
-6
21 + -64 + 3 - -72
32
What is the value of 2 + (0 - 1) + (15 + -13 - -3)?
6
What is the value of 5 - (-6 + 3 + 5 + 1 + -1)?
3
Calculate -17 + -10 + 35 - 11.
-3
Evaluate 15 - (19 - (-11 + 18)).
3
What is the value of -9 - (2 + -1 - (-15 + 0 - -17))?
-8
Calculate 12 - (-17 - -5 - -7).
17
What is the value of (-1 + 0 - (43 + -50)) + -8?
-2
Calculate (0 - -2) + (17 + -22 - -10).
7
What is -1 - 5 - (3 + 7 + (6 - 15))?
-7
What is the value of 13 + (-1 - 6) + 30 + -8 + -18?
10
Calculate 23 + -5 + -10 + -1.
7
-13 + 0 + (-5 - -11) + -2
-9
(-3 + -5 - -2) + (28 - (5 + 6))
11
What is the value of 18 - (-15 - (-6 - 4) - -2)?
21
(-11 - (10 + -27)) + -19 + 7
-6
Calculate 0 + -17 - -10 - (-21 + 2).
12
Calculate 10 + (-33 - -30) - (2 - (20 + -1)).
24
What is the value of 10 + -8 + -8 + 13?
7
What is the value of -2 + -21 + (-3 + 9 + -14 - -2)?
-29
What is the value of (-56 - -80) + (-20 - 0)?
4
Evaluate (-5 - (5 - 14)) + -23 + (-2 - -9).
-12
Calculate 34 - (53 + 40 + -75).
16
What is -7 + (-13 - (11 - 20)) + 3?
-8
-1 + (7 + 3 - (0 - (4 - 6)))
7
What is -6 + (4 - 7) - (-7 + 6)?
-8
(-4 - (0 + 1)) + -6 + -1
-12
Calculate -1 + -12 - (45 - 75).
17
Calculate (9 - 11) + -3 + 0 - (-1 + 1).
-5
What is the value of -23 + 0 + (-1 - -10)?
-14
Evaluate (-38 - -24) + 10 + 25.
21
What is the value of (0 - 5) + (-22 - -32) + -11?
-6
Calculate (-71 + 81 - (14 + 0)) + (-2 - -1).
-5
What is the value of (-3 + 12 - 1 - -2) + -9?
1
Evaluate (6 - 8 - (1 - (0 - -4))) + 7.
8
What is the value of -13 + 2 + -3 + 23?
9
Calculate 6 - 50 - -99 - 34.
21
What is the value of (1 - 12) + 5 + 5 + -2?
-3
Evaluate (-166 - -158) + (9 - (-1 - 1)).
3
3 - 2 - (-4 - -15 - (0 - -7))
-3
What is the value of 1 - (4 - 2 - 7 - 5)?
11
What is the value of 471 - 479 - (-5 + (2 - 1))?
-4
Calculate -5 + -6 + 0 + -4 